{"id":11,"date":"2017-10-18T20:11:00","date_gmt":"2017-10-18T18:11:00","guid":{"rendered":"http:\/\/adwokat-rklocek.pl\/?page_id=11"},"modified":"2019-10-08T14:29:08","modified_gmt":"2019-10-08T12:29:08","slug":"kontakt","status":"publish","type":"page","link":"https:\/\/adwokat-rklocek.pl\/index.php\/kontakt\/","title":{"rendered":"KONTAKT"},"content":{"rendered":"<div class=\"su-row\">\n<div class=\"su-column su-column-size-1-2\"><div class=\"su-column-inner su-u-clearfix su-u-trim\">\n<table>\n<tbody>\n<tr>\n<td colspan=\"2\">\n<h3 style=\"text-align: center;\">Kancelaria Adwokacka<br \/>\nAdwokat Robert Klocek<\/h3>\n<\/td>\n<\/tr>\n<tr>\n<td><\/td>\n<td>Filia<\/td>\n<\/tr>\n<tr>\n<td>ul. Boh. Westerplatte \u00a011\/308-309<br \/>\n65-034 Zielona G\u00f3ra<\/td>\n<td>ul. \u015ar\u00f3dmiejska 21\/1<br \/>\n68-200 \u017bary<\/td>\n<\/tr>\n<tr>\n<td>tel. <strong>600 210 396<\/strong><\/td>\n<td>tel. <strong>512 863 338<\/strong><\/td>\n<\/tr>\n<tr>\n<td style=\"text-align: center;\" colspan=\"2\">email: adwokatklocek@gmail.com<\/td>\n<\/tr>\n<tr>\n<td style=\"text-align: center;\" colspan=\"2\">Kancelaria czynna: poniedzia\u0142ek &#8211; pi\u0105tek <strong>8-16<\/strong><\/td>\n<\/tr>\n<tr>\n<td style=\"text-align: center;\" colspan=\"2\">NIP : <strong>923-114 -41-46<\/strong><\/td>\n<\/tr>\n<tr>\n<td style=\"text-align: center;\" colspan=\"2\">konto bankowowe:<br \/>\nPKO BP SA nr 15 1020 5402 0000 0102 0379 7388<\/td>\n<\/tr>\n<\/tbody>\n<\/table>\n<\/div><\/div>\n<div class=\"su-column su-column-size-1-2\"><div class=\"su-column-inner su-u-clearfix su-u-trim\"><div id=\"wpgmza_map\" class=\"wpgmza_map\" data-settings=\"{&quot;id&quot;:&quot;1&quot;,&quot;map_title&quot;:&quot;Moja pierwsza mapa&quot;,&quot;map_width&quot;:&quot;100&quot;,&quot;map_height&quot;:&quot;350&quot;,&quot;map_start_lat&quot;:&quot;51.941682&quot;,&quot;map_start_lng&quot;:&quot;15.505900&quot;,&quot;map_start_location&quot;:&quot;51.94168177797534,15.505900335968036&quot;,&quot;map_start_zoom&quot;:&quot;16&quot;,&quot;default_marker&quot;:&quot;0&quot;,&quot;type&quot;:&quot;1&quot;,&quot;alignment&quot;:&quot;1&quot;,&quot;directions_enabled&quot;:&quot;1&quot;,&quot;styling_enabled&quot;:&quot;0&quot;,&quot;styling_json&quot;:&quot;&quot;,&quot;active&quot;:&quot;0&quot;,&quot;kml&quot;:&quot;&quot;,&quot;bicycle&quot;:&quot;0&quot;,&quot;traffic&quot;:&quot;0&quot;,&quot;dbox&quot;:&quot;1&quot;,&quot;dbox_width&quot;:&quot;100&quot;,&quot;listmarkers&quot;:&quot;0&quot;,&quot;listmarkers_advanced&quot;:&quot;0&quot;,&quot;filterbycat&quot;:&quot;0&quot;,&quot;ugm_enabled&quot;:&quot;0&quot;,&quot;ugm_category_enabled&quot;:&quot;0&quot;,&quot;fusion&quot;:&quot;&quot;,&quot;map_width_type&quot;:&quot;\\\\%&quot;,&quot;map_height_type&quot;:&quot;px&quot;,&quot;mass_marker_support&quot;:&quot;1&quot;,&quot;ugm_access&quot;:&quot;0&quot;,&quot;order_markers_by&quot;:&quot;1&quot;,&quot;order_markers_choice&quot;:&quot;2&quot;,&quot;show_user_location&quot;:&quot;0&quot;,&quot;default_to&quot;:&quot;&quot;,&quot;other_settings&quot;:{&quot;store_locator_enabled&quot;:2,&quot;store_locator_distance&quot;:2,&quot;store_locator_default_radius&quot;:&quot;10&quot;,&quot;store_locator_not_found_message&quot;:&quot;Nic nie znaleziono w tej lokalizacji. Spr\\u00f3buj ponownie.&quot;,&quot;store_locator_bounce&quot;:1,&quot;store_locator_query_string&quot;:&quot;Kod pocztowy\\\/Adres&quot;,&quot;store_locator_default_address&quot;:&quot;&quot;,&quot;wpgmza_store_locator_restrict&quot;:&quot;&quot;,&quot;map_max_zoom&quot;:&quot;1&quot;,&quot;transport_layer&quot;:0,&quot;wpgmza_theme_data&quot;:&quot;&quot;,&quot;wpgmza_show_points_of_interest&quot;:1}}\" data-map-id='1' Data-maps-engine='' data-shortcode-attributes=\"{&quot;id&quot;:&quot;1&quot;}\" style=\"display:block; overflow:auto; width:100%; height:350px; float:left;\"><\/div><\/div><\/div>\n<\/div>\n<p>Zgodnie z art. 13 og\u00f3lnego rozporz\u0105dzenia o ochronie danych osobowych z dnia 27 kwietnia 2016 r. (Dz. Urz. UE L 119 z 04.05.2016) informuj\u0119, i\u017c:<br \/>\n1) administratorem Pani\/Pana danych osobowych jest Kancelaria Adwokacka &#8211; Adwokat Robert Klocek ul. Boh. Westerplate 11\/308-309, 65-034 Zielona G\u00f3ra z Fili\u0105 ul. \u015ar\u00f3dmiejska 21\/1, 68-200 \u017bary<br \/>\n2) Pani\/Pana dane osobowe przetwarzane b\u0119d\u0105 w celu realizacji umowy &#8211; na podstawie Art. 6 ust. 1 lit. b og\u00f3lnego rozporz\u0105dzenia o ochronie danych osobowych z dnia 27 kwietnia 2016 r.<br \/>\n3) odbiorcami Pani\/Pana danych osobowych b\u0119d\u0105 wy\u0142\u0105cznie podmioty uprawnione do uzyskania danych osobowych lub<br \/>\n\u2022 podmioty uczestnicz\u0105ce w realizacji zlecenia<br \/>\n\u2022 biuro rachunkowe<br \/>\n4) Pani\/Pana dane osobowe przechowywane b\u0119d\u0105 przez okres 6 lat \/ lub w oparciu o uzasadniony interes realizowany przez administratora<br \/>\n5) posiada Pani\/Pan prawo do \u017c\u0105dania od administratora dost\u0119pu do danych osobowych, ich sprostowania, usuni\u0119cia lub ograniczenia przetwarzania<br \/>\n6) ma Pani\/Pan prawo wniesienia skargi do organu nadzorczego<br \/>\n7) podanie danych osobowych jest dobrowolne, jednak\u017ce odmowa podania danych mo\u017ce skutkowa\u0107 odmow\u0105 zawarcia umowy<\/p>\n","protected":false},"excerpt":{"rendered":"<p>Zgodnie z art. 13 og\u00f3lnego rozporz\u0105dzenia o ochronie danych osobowych z dnia 27 kwietnia 2016 r. (Dz. Urz. UE L 119 z 04.05.2016) informuj\u0119, i\u017c: 1) administratorem Pani\/Pana danych osobowych [&hellip;]<\/p>\n","protected":false},"author":1,"featured_media":0,"parent":0,"menu_order":0,"comment_status":"closed","ping_status":"closed","template":"page-contact.php","meta":{"footnotes":""},"class_list":["post-11","page","type-page","status-publish","hentry"],"_links":{"self":[{"href":"https:\/\/adwokat-rklocek.pl\/index.php\/wp-json\/wp\/v2\/pages\/11","targetHints":{"allow":["GET"]}}],"collection":[{"href":"https:\/\/adwokat-rklocek.pl\/index.php\/wp-json\/wp\/v2\/pages"}],"about":[{"href":"https:\/\/adwokat-rklocek.pl\/index.php\/wp-json\/wp\/v2\/types\/page"}],"author":[{"embeddable":true,"href":"https:\/\/adwokat-rklocek.pl\/index.php\/wp-json\/wp\/v2\/users\/1"}],"replies":[{"embeddable":true,"href":"https:\/\/adwokat-rklocek.pl\/index.php\/wp-json\/wp\/v2\/comments?post=11"}],"version-history":[{"count":16,"href":"https:\/\/adwokat-rklocek.pl\/index.php\/wp-json\/wp\/v2\/pages\/11\/revisions"}],"predecessor-version":[{"id":262,"href":"https:\/\/adwokat-rklocek.pl\/index.php\/wp-json\/wp\/v2\/pages\/11\/revisions\/262"}],"wp:attachment":[{"href":"https:\/\/adwokat-rklocek.pl\/index.php\/wp-json\/wp\/v2\/media?parent=11"}],"curies":[{"name":"wp","href":"https:\/\/api.w.org\/{rel}","templated":true}]}}